 = o. Suppose -v - 3*p + o = 0, v + 2*v + 5*p = 114. What are the prime factors of v?
43
Let w be (((-6)/(-7))/(-2))/((-20)/(-140)). Let q(y) be the third derivative of -y**4/6 + 4*y**3/3 - y**2. List the prime factors of q(w).
2, 5
Suppose -2*p = 2*p - 24. Let m be 153/p - 1/(-2). Let y = m - 18. List the prime factors of y.
2
Suppose -4*c + 901 = -5*m, 7*m = -5*c + 2*m + 1070. List the prime factors of c.
3, 73
Suppose -47790 = -29*n - n. What are the prime factors of n?
3, 59
Suppose 0 = v + 3*v + j - 1355, -3 = 3*j. List the prime factors of v.
3, 113
Suppose 0 = 94*p - 75*p - 3211. List the prime factors of p.
13
Suppose 3*u - 3 + 6 = 3*p, -2*u + p = -1. Suppose -4*z = -5*d - 29, -4*d = -z + 1 - u. Suppose 8 = q + t, -3*t - z - 7 = -3*q. List the prime factors of q.
7
Let l be ((-48)/40)/((-2)/5). Suppose 0 = -l*f + 7 - 1, -29 = 3*g - 4*f. What are the prime factors of (-14 - -5)*g/3?
3, 7
What are the prime factors of (-108)/(-90)*(531 - 1)?
2, 3, 53
Suppose 3*u + 16*w - 19*w = 174, 3*u - 2*w = 178. What are the prime factors of u?
2, 31
Suppose 2*p = 46 + 36. Suppose -x + p - 16 = 0. List the prime factors of x + (2 - 3 - 2).
2, 11
Let l be 924/(-15) - (-4)/(-60)*6. Let k = -3 - l. List the prime factors of k.
59
Suppose 2*x + 0*x = -2*f + 22, -2*f - 20 = -4*x. List the prime factors of x/14*(1 + 6/2).
2
Suppose -9*s + 3135 + 2760 = 0. Suppose 5*g + 0*g - s = -5*r, -5*g + 619 = -4*r. List the prime factors of g.
127
Suppose -42 = -6*l - 0*l. What are the prime factors of l - 1 - (-9 + 8)?
7
Let j(c) = -c**3 + 4*c**2 + 3*c - 2. Let b(t) = 2*t + 2. Let p be ((-4)/(-10))/((-2)/(-5)). Let x be b(p). List the prime factors of j(x).
2, 5
Let f be 22 - ((3 + -3)/1)/(-1). Let b = 2 - -9. Suppose -b = -3*r + f. What are the prime factors of r?
11
Suppose a - 7 = -b + 5*b, 5*b = a - 8. List the prime factors of (12/(-3))/b - (-33 - -12).
5
Suppose 4*n + 3*i - 11149 = 0, -10*n + 13*n - 2*i = 8383. List the prime factors of n.
2791
Suppose 2*m - 227 = -5*t + 243, 5*m - 167 = -2*t. Suppose -2*f = -t - 42. Suppose 4*d = f + 63. What are the prime factors of d?
3, 11
Let s = -919 - -1567. What are the prime factors of s?
2, 3
Let m(w) be the first derivative of w**4/4 - w**3/3 + w**2/2 + 3*w + 6. List the prime factors of m(5).
2, 3
Let z(b) be the third derivative of -b**4/12 + 25*b**3/6 + 9*b**2. List the prime factors of z(-9).
43
Let l = 2 + 1. Suppose p + 2 = 0, -l*o - p + 85 = -6*p. Suppose o + 9 = 2*n. What are the prime factors of n?
17
Let m(s) = -s**3 + s**2 + 2. Let g(w) = -w - 22. Let v be g(-19). List the prime factors of m(v).
2, 19
Suppose 8*w = 2*w. Suppose w = 5*i - 3*r + 396, -2*i - 231 = i - 4*r. Let x = i - -120. List the prime factors of x.
3, 13
Suppose 0 = -84*l + 87*l - 936. List the prime factors of l.
2, 3, 13
Let l = 19 + -20. Let t be l/(-3) + (-590)/6. Let a = t - -151. What are the prime factors of a?
53
Let r(j) = j + 1. Let k(v) = -7*v + 3*v + 2 - 2*v. Let b(p) = k(p) + 5*r(p). What are the prime factors of b(0)?
7
Suppose -12520 = -5*h - 4*m, 30*h - 7549 = 27*h + 5*m. What are the prime factors of h?
2, 3, 11, 19
Suppose -89 = -3*h - 113. List the prime factors of ((-4)/(-3))/(h + 1565/195).
2, 13
Let l = -2690 - -3814. List the prime factors of l.
2, 281
Let o = -292 - -483. List the prime factors of o.
191
Let b be 0 - -1 - (-25)/5. Suppose -4*j - 90 = -b*j. Suppose -4*q + l + j = 0, -2*q - 5*l = -4*q + 45. List the prime factors of q.
2, 5
Let y(p) = -p**2 - 10*p - 9. Let g = 22 - 10. Suppose 5*o + 18 = -g. What are the prime factors of y(o)?
3, 5
Let s = 67 + -45. Suppose s*y - 424 = 18*y. What are the prime factors of y?
2, 53
Let r = -37 + 43. What are the prime factors of (-9)/r*(-53 - 3/(-1))?
3, 5
Let p(f) = -f**3 - 4*f**2 - f + 9. Let z be p(-5). Suppose -2*m + z = -m. Let x = m + -9. List the prime factors of x.
2, 3, 5
Suppose f + 73 = 426. List the prime factors of f.
353
Let u = 1096 - 525. List the prime factors of u.
571
Let a = -20 + 51. Let n = 15 - a. List the prime factors of ((-3)/(-2))/((-3)/n).
2
Suppose 0 = -397*b + 413*b - 29344. What are the prime factors of b?
2, 7, 131
Suppose -o + 3*k + 4968 = 0, o + 4*k = 3868 + 1072. What are the prime factors of o?
2, 3, 7, 59
Let x(c) = 214*c + 2. List the prime factors of x(2).
2, 5, 43
Suppose 0 = -5*u - 4*d - 4 + 19, 4*d = 0. Let v = 10 - u. What are the prime factors of v?
7
Let s be (-2 + (-44)/(-28))*-7. Suppose 2*c + s*t = 153, 3*c + 6*t = 4*t + 227. What are the prime factors of c?
3, 5
Suppose v - 4 = -u, -2*u + 8 = -3*v - 0. Suppose v = -5*o + 5 + 10. List the prime factors of o - 3*(2 - 3).
2, 3
Let v(p) = 2*p**2 + 5*p + 3. Let k be v(-2). Let h(c) = c**2 - 9*c + 9. Let y be h(7). What are the prime factors of (y - -33) + k*-4?
2, 3
Let j be (-6 + 5 + 0)*(1 - -4). What are the prime factors of j*(2 + (-22)/10)*140?
2, 5, 7
Suppose -91511 = -55*q - 20396. List the prime factors of q.
3, 431
Let a be (-6)/(-42)*0 + -78 + -1. What are the prime factors of (-3)/((18/a)/6)?
79
Let j(g) = 95*g**2 + 3*g + 8. List the prime factors of j(6).
2, 1723
Let j(t) = 12*t**2 - 7*t + 45. List the prime factors of j(6).
3, 5, 29
Suppose 4*a - 19*m + 17*m = 1496, 0 = -4*a - m + 1490. List the prime factors of a.
373
Suppose 0 = -108*y + 105*y + 5574. List the prime factors of y.
2, 929
Let o(z) = -5 + 24 + 1746*z - 1843*z. What are the prime factors of o(-2)?
3, 71
Suppose 84*m - 79*m - 2113 = -d, 5*m + 25 = 0. What are the prime factors of d?
2, 1069
Let b be 3 + -1 - (-22 - 1). Let u = -2 + b. What are the prime factors of u?
23
Let z(s) = -s**3 + 8*s**2 - 4*s + 3. Let a be z(4). Suppose -3*j - a = -5*p, 3*p = 2*j + 2*j + 57. List the prime factors of 132/(-9)*18/j.
2, 11
Suppose -4*o = 2*f - 1934, -51*f + 56*f + 4*o - 4847 = 0. List the prime factors of f.
971
Let i be 3*2/(-3)*7. Suppose -1 = -5*f - 2*g - 3, 12 = 4*f + 5*g. Let r = f - i. List the prime factors of r.
2, 3
Let x(v) be the third derivative of -19*v**4/8 + 4*v**3/3 - 10*v**2. What are the prime factors of x(-3)?
179
Suppose -w + 70 = 2*v - 252, 3*v + 1649 = 5*w. Suppose -162*i = -158*i - w. List the prime factors of i.
2, 41
Let r(i) = -i**2 + 13*i - 11. Suppose 5*d - 6 - 34 = 0. What are the prime factors of r(d)?
29
Let l(c) = c - 1. Let n(i) = -140*i - 8. Let z(x) = l(x) + n(x). What are the prime factors of z(-1)?
2, 5, 13
Suppose -950 - 226 = -14*a. List the prime factors of a.
2, 3, 7
Suppose -20*d + 86*d = 55770. List the prime factors of d.
5, 13
Suppose 2*f - 5*g = 4*f - 1033, 0 = 4*g - 20. Suppose -f = -5*n - 3*n. Suppose -2*w + n = -15. What are the prime factors of w?
3, 13
Suppose 4*c - 5*c + 7 = 0. Suppose -8*w + 16 = -c*w. Let u = w - 2. List the prime factors of u.
2, 7
Suppose -2*p + 0*d + 4*d = -20, 4*d + 16 = 0. What are the prime factors of ((-114)/12)/(p/24*-1)?
2, 3, 19
What are the prime factors of 21504/22 + 48/88?
2, 3, 163
Let k(g) = g**3 + 11*g**2 + 11*g - 7. Let i be k(-8). Suppose 4*a + 5*m = -i, 0*a - 3*m + 75 = -5*a. What are the prime factors of (-4)/a + 3262/63?
2, 13
Suppose -2*z + 29 = -d - 218, 4*z - 497 = 5*d. What are the prime factors of z?
3, 41
Suppose 0*q + 3*q - 3 = 0, 4*q + 300 = 4*w. Suppose 0 = 2*u - 6*u - w. Let j = 5 - u. What are the prime factors of j?
2, 3
Suppose -2*b = z - 21, -4*b - 80 = -9*b + 3*z. Suppose -18*a + b*a = -270. List the prime factors of a.
2, 3
Suppose 44*l - 15*l - 16414 = 0. List the prime factors of l.
2, 283
Let j(h) = h**2 + 17*h + 21. Let k be j(-16). Suppose 0 = -k*u + 2*q + 328, 72 = 2*u + 2*q - 48. What are the prime factors of u?
2
Suppose -2*g - 3*w = 2*w - 7, 5 = 5*w. List the prime factors of 9/(-2)*(-2)/g.
3
Let a(h) = 4*h**2 + 3*h + 666. What are the prime factors of a(0)?
2, 3, 37
Suppose 8*i + 318 = 9*i. What are the prime factors of i?
2, 3, 53
Let j(o) = 3*o**3 - 12*o**2 + 10*o - 26. List the prime factors of j(9).
1279
Let n be (-362)/(-8) + (-45)/36. List the prime factors of (-1 - 15)/((-11)/n).
2
Suppose -61*b + 66*b = 20270. List the prime factors of b.
2, 2027
Suppose -14*n = 3*r - 16*n - 9760, 16255 = 5*r - n. List the prime factors of r.
2, 5, 13
Let n = -15 + 57. Suppose -u = -8*u + n. Suppose -125 = l - u*l. What are the prime factors of l?
5
Suppose 63324 = -42*y + 78*y. What are the prime 